10. Let t be d(0). Let i = 1 - t. Is 7*-3*6/i composite?
True
Let u be 5/(-1)*(-2)/5. Let h(f) = 8*f**2 - 6*f - 6. Let x(p) = 3*p**2 - 2*p - 2. Let r(a) = -2*h(a) + 7*x(a). Is r(u) a prime number?
False
Is -2 - 18/(-8) - 16435/(-4) prime?
False
Let j(d) = 2*d - 9. Let o be j(6). Suppose 2*x = o*x - 34. Is x a prime number?
False
Let x(z) = 71*z**3 + 2*z**2 + z - 2. Let p be x(1). Suppose y - p = 25. Is y a composite number?
False
Suppose -64 = -2*v + 1474. Suppose 0 = 5*z + 114 - v. Is z a composite number?
False
Let y = 14 - 21. Let g = -5 - y. Is 1 + 1 + (6 - g) a composite number?
True
Suppose 0 = 5*q + q - 318. Is q a composite number?
False
Let f(g) = -g**3 + 7*g**2 - 7*g - 1. Let y be f(6). Let w(r) = -r**3 + 8*r - 5. Let a be w(y). Suppose -99 = -3*b + a. Is b prime?
True
Let d(l) = -257*l. Let r be d(-1). Let y = r + -147. Suppose 2*i + y = 4*i. Is i a prime number?
False
Suppose 8 - 24 = -4*u. Suppose -41 = -u*k + 11. Is k a prime number?
True
Let y = 65 + 40. Suppose -3*d = -4*z - y, -4*d + z = -44 - 83. Is d a composite number?
False
Let t(b) = -b**3 + b**2 + 806. Let s be t(0). Is (-3)/(-9) - s/(-3) a composite number?
False
Let v = -1408 + 2091. Is v a composite number?
False
Suppose 4*w - 2*w = 4. Suppose 1 = -z, 0 = 4*o + 3*z - w*z - 247. Is o a prime number?
False
Let x be (-3)/(-2)*(3 - 5). Let h be 2748/16 - x/(-4). Suppose m - 85 = 4*p, 5*m = -4*p + h + 158. Is m composite?
True
Let b(y) = 8. Let j(a) = a + 8. Let u(w) = 2*b(w) - 3*j(w). Is u(-11) a prime number?
False
Suppose f + 124 = -95. Let n = f - -422. Is n a prime number?
False
Let z = 617 + -360. Is z prime?
True
Let m(p) = -3*p - 4. Let t(s) = -4*s - 5. Let q(r) = -5*m(r) + 4*t(r). Let u be q(2). Is 2 + 0/u + 77 prime?
True
Is 0/(-5 + 13) + 1*2894 prime?
False
Let j be (-163)/(-7) - (-18)/(-63). Suppose -23 = -q - 5*d, 0*q + 4*d - j = -q. Is q composite?
False
Suppose 2*v - 1874 + 458 = 0. Is v/21 + (-2)/(-7) composite?
True
Suppose -4*r = -4 + 28. Let p be -3*20*2/r. Suppose k + 3*k - 96 = 5*h, 5*h + p = 0. Is k a composite number?
False
Let g = 18 - 13. Suppose -g*w = -c - 18, 3*w = -4*c + 19 + 1. Is 21*(-2)/c*-1 composite?
True
Is -7318*((-14)/12 + 14/21) composite?
False
Let c(f) be the second derivative of f**4/12 - f**3 - 3*f**2/2 + f. Let n = 1 - 5. Is c(n) prime?
True
Suppose 1921 = 4*o - 3835. Is o a prime number?
True
Let w(h) = 7*h**2 - 7*h + 9. Let c(m) = -6*m**2 + 7*m - 8. Let j(f) = -5*c(f) - 4*w(f). Is j(6) a prime number?
False
Let l = 291 - -1024. Is l a composite number?
True
Suppose 5*i = -20 + 75. Suppose 0 = -3*f + k - 6*k + i, -5*f + 7 = -3*k. Suppose 35 + 51 = 3*g + 5*l, -f*g - l = -69. Is g a composite number?
False
Let f = 50 + 128. Is ((-1)/2)/((-1)/f) a composite number?
False
Let k(w) = -33*w. Let m be k(-2). Let o = m + -44. Suppose 3*d - o - 116 = 0. Is d composite?
True
Let v be (-2)/(-7)*(0 + 7). Let x be (-51)/v*4/(-6). Suppose x + 16 = 3*w. Is w prime?
True
Let h be 1897/9 + 4/18. Suppose h = 3*s - d + 6*d, -5*s + 333 = -d. Is s composite?
False
Let n(h) = h**3 - 4*h**2 - h + 11. Is n(5) a prime number?
True
Suppose -3*m + 479 = h, 0*m + 4*m = -3*h + 632. Is m prime?
False
Suppose j - 40 = -5*o - 0*j, -2*o - 4*j = -16. Let b(i) = -i + 7. Let m be b(5). Is (o - 1)*2/m composite?
False
Suppose -3 = -c + 1. Suppose -3*b - b + c*t = -644, 0 = -2*b - 2*t + 310. Let q = b - 31. Is q a composite number?
False
Let k = -5543 + 15466. Is k composite?
False
Let k(j) = -j - 1. Let h be k(-7). Suppose -2*x + 386 = 4*d, -x + 205 = h*d - d. Is x composite?
True
Let t(p) = 3*p**2 + 7*p + 2. Let v be t(-5). Let c(y) = y**2 + 2*y + 1. Let j be c(-1). Suppose j = q - v - 81. Is q prime?
False
Let j(n) = -5*n + 2*n**2 + 4*n**2 + 3 - 3*n**2. Is j(3) a composite number?
True
Let a(u) be the third derivative of 3*u**2 + 0 - 1/3*u**4 + 3/2*u**3 + 0*u + 1/30*u**5. Is a(6) a composite number?
True
Suppose 11 - 1096 = -5*i. Is i composite?
True
Let b(o) = -o**3 + 8*o**2 + 12*o - 11. Let q be b(9). Let u = 42 - q. Is u a prime number?
False
Suppose -k + 4*k - 21 = 0. Suppose -388 = -k*r + 3*r. Is r a prime number?
True
Is (-2 - -1) + 268 + -2 prime?
False
Let z(f) be the first derivative of f**3/3 - f**2/2 - 5*f - 2. Is z(5) a prime number?
False
Suppose 6 = -4*a + 34. Let j = a - -24. Is j a prime number?
True
Let l be (-1 - (-2 - 0))*3. Suppose 344 - 95 = l*b. Is (b/(-3))/(1/(-3)) a prime number?
True
Let j(u) = -u + u + u + 2. Let s be j(-6). Let g(a) = -2*a**3 - 5*a**2 - 2*a - 3. Is g(s) a composite number?
False
Suppose -6 = 2*s + 2, 2*a = 3*s + 3026. Is a prime?
False
Let y(h) = h**2 - 4*h. Let j be y(3). Let z(k) = -3*k - 2. Let b be z(j). Let c = 40 - b. Is c prime?
False
Let t be (363/2 + 2)*2. Is (-6)/8 - t/(-4) a composite number?
True
Let y(r) = 2 - 1 - 2*r + 12*r**2 + 9*r**2 + 2. Is y(2) composite?
False
Suppose -p = -2*p + 1451. Suppose -6*a = -3*a + u - p, -5*a = -u - 2421. Suppose 2*r + 2*r - a = 0. Is r prime?
False
Let u(x) = x**3 + 5*x**2 + 4*x + 2. Let a be u(-4). Suppose 0*l - a*l = -2. Is ((-23)/(-1))/(l/1) prime?
True
Suppose 0 = 3*h + 617 - 104. Is (52/6)/((-6)/h) a composite number?
True
Suppose 0 = 2*k + 2*k - 12. Suppose 5*n = k*a + n - 8, -2*a = 5*n - 36. Is 3*5 + (a - 8) a composite number?
True
Let l(q) = 712*q - 1. Let b be l(1). Suppose 3*m - v - v - 1390 = 0, v - 1402 = -3*m. Suppose -5*i - j + m = -b, -462 = -2*i + 4*j. Is i a composite number?
True
Let q = 721 - 42. Is q prime?
False
Let h(b) = 26*b - 1. Let x(a) = a**2 + 5*a - 4. Let z be x(-7). Is h(z) a composite number?
True
Let h = -76 - -337. Let w(o) = o + 5. Let u be w(-5). Suppose -3*j = -u*j - h. Is j prime?
False
Suppose 4*p + 4*v - 195 = 241, 4*v = -3*p + 322. Let t be (-5 - -7)/((-4)/(-398)). Let a = t - p. Is a prime?
False
Let m(t) = t**3 - t**2 - 3 + 3*t**2 - 14*t**2 - 14 + 3*t. Is m(13) composite?
False
Let t(i) = 13*i**2 - 7*i + 7. Is t(-15) prime?
True
Suppose v - 4912 = 5*v. Let o = v + 2115. Is o prime?
True
Let i(c) = -11*c**2 + 7 + 21*c**2 + 14*c**2. Is i(-3) a composite number?
False
Is 11040/50 - 2/(-10) prime?
False
Suppose 0 = -5*d - 7 + 2. Is (d/(-3))/((-7)/(-1743)) a prime number?
True
Suppose -2*f = -3*y - 2, -3*y + 8 = 3*f - 10. Suppose 2*d = -q + 2*q + 72, 5*q - 60 = -y*d. Is d composite?
True
Let j = -21 + 54. Let l = 99 + j. Suppose 9*q = 5*q + l. Is q prime?
False
Let g(c) = -c**2 - 6*c + 9. Let j be g(-7). Let q(h) = 32*h**2 - 2*h - 1. Is q(j) a prime number?
False
Let p(l) = -l + 4. Let g(u) = u - 9. Let h be g(0). Let w be (h/(-6) - -1)*-4. Is p(w) prime?
False
Is (-3)/36*3*-724 a prime number?
True
Let p be 201/2 - 4/(-8). Let h = -51 + p. Let x = -29 + h. Is x composite?
True
Let k(q) = 13*q**3 - q**2 + 1. Let p = -7 + 8. Is k(p) prime?
True
Let x = -36 - -50. Is x composite?
True
Let r = 2559 - 1408. Is r composite?
False
Suppose -x + 1267 = 2*i, 3*i + 6374 = 2*x + 3*x. Is x a prime number?
False
Let t be (-512 - 0)/(4/(-10)). Suppose 3*y = 4*a + 7*y - t, -3*a + 5*y = -928. Suppose i + 161 = o, o = 3*o + i - a. Is o prime?
False
Suppose -4*z - 3*f = -8*f - 41, 3*z + 3*f + 3 = 0. Suppose 12 + 64 = z*t. Is t composite?
False
Let m(f) = f**2 + 6*f. Let c be m(-7). Suppose -c*n + 70 = -2*n. Is n prime?
False
Let v(s) = 1140*s**3 - s. Is v(1) a prime number?
False
Let m = 7 + -7. Let f(j) = -3*j + m*j + 5*j - 3*j - 6. Is f(-8) composite?
False
Is 3/4 + 1522/8 composite?
False
Is (5/(-2) - -2)*-422 a prime number?
True
Suppose 1 + 1 = x, 3*a = 5*x - 13. Let b(z) = -z**3 + z**2 + z + 1. Let c be b(a). Suppose c*j = j + 55. Is j prime?
False
Let l be ((-3)/(-1))/3 + 36. Let i = -1 + 4. Suppose 2*b + 34 = 3*a + i*b, -4*a - 3*b = -l. Is a prime?
True
Let f(u) = -u - 8. Let k be f(-6). Is (-4)/k*(-298)/(-4) prime?
True
Let m = -14 + 20. Let r be (-472)/m*(-27)/18. Let f = r + -69. Is f a composite number?
True
Let f(h) = h**2 + 12*h + 19. Let m be f(-11). Let x = 18 + -27. Is (-12)/x*156/m composite?
True
Let a(j) = -4*j**2 + 1 + 2*j**2 + 2*j**3 - 3*j - 3*j**3. Is a(-6) a prime number?
True
Let f be (-323)/(-5) + 6/15. Let v be f + -1 + 0/(-2). Suppose 0 = -3*p + v + 65. Is p composite?
False
Let d(l) = -55*l + 11. Let m be d(-8). Let b(j) = -51*j**2 + 3*j. Let v be b(2). Let u = v + m. Is u a prime number?
False
Suppose 0 = 140*a - 142*a +